{"id":4486,"date":"2023-01-12T18:07:03","date_gmt":"2023-01-12T18:07:03","guid":{"rendered":"https:\/\/patiodovale.com\/?page_id=4486"},"modified":"2025-02-23T15:58:51","modified_gmt":"2025-02-23T15:58:51","slug":"precos","status":"publish","type":"page","link":"https:\/\/patiodovale.com\/pt-pt\/precos\/","title":{"rendered":"pre\u00e7os"},"content":{"rendered":"<section class=\"l-section wpb_row height_medium\"><div class=\"l-section-h i-cf\"><div class=\"g-cols vc_row via_flex valign_top type_default stacking_default\"><div class=\"vc_col-sm-12 wpb_column vc_column_container\"><div class=\"vc_column-inner\"><div class=\"wpb_wrapper\"><div class=\"wpb_text_column\"><div class=\"wpb_wrapper\"><h1>P\u00e1tio do Vale 2026 pre\u00e7os<\/h1>\n<\/div><\/div><div class=\"w-separator size_small\"><\/div><div class=\"g-cols wpb_row via_flex valign_top type_default stacking_default\"><div class=\"vc_col-sm-8 wpb_column vc_column_container\"><div class=\"vc_column-inner\"><div class=\"wpb_wrapper\"><div class=\"wpb_text_column\"><div class=\"wpb_wrapper\"><p>Temos 4 quartos duplos em 1 quarto duplo com 2 quartos espa\u00e7osos separados (crian\u00e7as). Todos os nossos quartos t\u00eam casa de banho privativa, toalhas e roupa da cama.<\/p>\n<p>Nossas tarifas s\u00e3o por quarto\/por noite. Estadia m\u00ednima de 2 noites.<br \/>\nCrian\u00e7as at\u00e9 aos 4 anos gr\u00e1tis, a partir dos 5 anos tem um suplemento de\u00a0\u20ac\u00a010,- por crian\u00e7a por noite.<\/p>\n<p>Tamb\u00e9m \u00e9 poss\u00edvel alugar todos os quartos para pequenos grupos com capacidade m\u00e1xima de 16 pessoas. Se voc\u00ea est\u00e1 interessado em vir ao nosso espa\u00e7o para seu casamento, anivers\u00e1rio ou estadia com fam\u00edlia\/amigos? Envie um e-mail para info@patiodovale.com e diga-nos quais s\u00e3o seus desejos, e analisaremos as possibilidades juntos!<\/p>\n<p>Inclui toalhas, roupa da cama, caf\u00e9, ch\u00e1, limonada e utiliza\u00e7\u00e3o da piscina e cozinha exterior coberta, barbecue, Wifi e IVA, excluindo pequeno-almo\u00e7o.<\/p>\n<p><strong>\u00a0<\/strong><\/p>\n<\/div><\/div><\/div><\/div><\/div><div class=\"vc_col-sm-4 wpb_column vc_column_container\"><div class=\"vc_column-inner\"><div class=\"wpb_wrapper\"><\/div><\/div><\/div><\/div><div class=\"g-cols wpb_row via_flex valign_top type_default stacking_default\"><div class=\"vc_col-sm-12 wpb_column vc_column_container\"><div class=\"vc_column-inner\"><div class=\"wpb_wrapper\"><h2 class=\"red\">Os quartos<\/h2><p>Alegria | P\u00e1tio | Cantinho | M\u00fasica | *Saudade | *Boa onda  | *Fofinha <\/p><p> *Ces chambres ne sont disponibles que si l'ensemble des locaux est r\u00e9serv\u00e9.<\/p><span><table class=\"prijstabel\">\n  <thead>\n  <tr class=\"naam\">\n  <th><\/th>\n      <th colspan=\"2\">Algeria<\/th>\n\t  <th colspan=\"2\">P\u00e1tio<\/th>\n\t  <th colspan=\"2\">Cantinho<\/th>\n\t  <th colspan=\"2\">M\u00fasica<\/th>\n\t \t \n  <\/tr>\n  <tr class=\"dagen\">\n      <th><\/th>\n\t  <th class=\"dag\">Dia<\/th><th class=\"week\">Semana<\/th>\n\t  <th class=\"dag\">Dia<\/th><th class=\"week\">Semana<\/th>\n\t  <th class=\"dag\">Dia<\/th><th class=\"week\">Semana<\/th>\n\t  <th class=\"dag\">Dia<\/th><th class=\"week\">Semana<\/th>\n  <\/tr>\n<\/thead>\n<tbody><\/span><tr class=\"prijs\">\n    <td>Primavera<span style=\"display:block\"><sub>Abr,Mai,Jun<\/sub><span><\/td><td><span class=\"euro\">\u20ac <\/span>85,-<\/td><td><span class=\"euro\">\u20ac <\/span>550,-<\/td><td><span class=\"euro\">\u20ac <\/span>85,-<\/td><td><span class=\"euro\">\u20ac <\/span>550,-<\/td><td><span class=\"euro\">\u20ac <\/span>85,-<\/td><td><span class=\"euro\">\u20ac <\/span>550,-<\/td><td><span class=\"euro\">\u20ac <\/span>85,-<\/td><td><span class=\"euro\">\u20ac <\/span>550,-<\/td><\/tr><tr class=\"prijs\">\n    <td>Ver\u00e3o<span style=\"display:block\"><sub>Jul,Ago,Set<\/sub><span><\/td><td><span class=\"euro\">\u20ac <\/span>95,-<\/td><td><span class=\"euro\">\u20ac <\/span>650,-<\/td><td><span class=\"euro\">\u20ac <\/span>95,-<\/td><td><span class=\"euro\">\u20ac <\/span>650,-<\/td><td><span class=\"euro\">\u20ac <\/span>95,-<\/td><td><span class=\"euro\">\u20ac <\/span>650,-<\/td><td><span class=\"euro\">\u20ac <\/span>95,-<\/td><td><span class=\"euro\">\u20ac <\/span>650,-<\/td><\/tr><tr class=\"prijs\">\n    <td>Outono<span style=\"display:block\"><sub>Out<\/sub><span><\/td><td><span class=\"euro\">\u20ac <\/span>85,-<\/td><td><span class=\"euro\">\u20ac <\/span>550,-<\/td><td><span class=\"euro\">\u20ac <\/span>85,-<\/td><td><span class=\"euro\">\u20ac <\/span>550,-<\/td><td><span class=\"euro\">\u20ac <\/span>85,-<\/td><td><span class=\"euro\">\u20ac <\/span>550,-<\/td><td><span class=\"euro\">\u20ac <\/span>85,-<\/td><td><span class=\"euro\">\u20ac <\/span>550,-<\/td><\/tr><tr class=\"prijs\">\n    <td>Inverno<span style=\"display:block\"><sub>Nov,Dez,Jan,Fev,Mar<\/sub><span><\/td><td><span class=\"euro\">\u20ac <\/span>55,-<\/td><td><span class=\"euro\">\u20ac <\/span>375,-<\/td><td><span class=\"euro\">\u20ac <\/span>55,-<\/td><td><span class=\"euro\">\u20ac <\/span>365,-<\/td><td><span class=\"euro\">\u20ac <\/span>55,-<\/td><td><span class=\"euro\">\u20ac <\/span>365,-<\/td><td><span class=\"euro\">\u20ac <\/span>55,-<\/td><td><span class=\"euro\">\u20ac <\/span>365,-<\/td><\/tr><tr class=\"ontbijt\"><td>Super delicioso pequeno almo\u00e7o <\/td><td colspan=\"2\">Adultos : <span class=\"euro\">\u20ac <\/span>10,-<\/td><td colspan=\"2\">Crian\u00e7as  (6-10 Anos) : <span class=\"euro\">\u20ac <\/span>5,-<\/td><td colspan=\"4\"><\/td><\/tr><\/tbody><\/table>\n<p class=\"opm\">*apenas dispon\u00edvel em combina\u00e7\u00e3o com o quarto saudade<p><\/div><\/div><\/div><\/div><\/div><\/div><\/div><\/div><\/div><\/section>\n","protected":false},"excerpt":{"rendered":"P\u00e1tio do Vale 2026 pre\u00e7os Temos 4 quartos duplos em 1 quarto duplo com 2 quartos espa\u00e7osos separados (crian\u00e7as). Todos os nossos quartos t\u00eam casa de banho privativa, toalhas e roupa da cama. Nossas tarifas s\u00e3o por quarto\/por noite. Estadia m\u00ednima de 2 noites. Crian\u00e7as at\u00e9 aos 4 anos gr\u00e1tis, a partir dos 5 anos...","protected":false},"author":3,"featured_media":0,"parent":0,"menu_order":0,"comment_status":"closed","ping_status":"closed","template":"","meta":{"_acf_changed":false,"footnotes":""},"class_list":["post-4486","page","type-page","status-publish","hentry"],"acf":[],"yoast_head":"<!-- This site is optimized with the Yoast SEO plugin v27.5 - https:\/\/yoast.com\/product\/yoast-seo-wordpress\/ -->\n<title>pre\u00e7os | P\u00e1tio do Vale<\/title>\n<meta name=\"robots\" content=\"index, follow, max-snippet:-1, max-image-preview:large, max-video-preview:-1\" \/>\n<link rel=\"canonical\" href=\"https:\/\/patiodovale.com\/pt-pt\/precos\/\" \/>\n<meta property=\"og:locale\" content=\"pt_PT\" \/>\n<meta property=\"og:type\" content=\"article\" \/>\n<meta property=\"og:title\" content=\"pre\u00e7os | P\u00e1tio do Vale\" \/>\n<meta property=\"og:url\" content=\"https:\/\/patiodovale.com\/pt-pt\/precos\/\" \/>\n<meta property=\"og:site_name\" content=\"P\u00e1tio do Vale\" \/>\n<meta property=\"article:modified_time\" content=\"2025-02-23T15:58:51+00:00\" \/>\n<meta name=\"twitter:card\" content=\"summary_large_image\" \/>\n<meta name=\"twitter:label1\" content=\"Tempo estimado de leitura\" \/>\n\t<meta name=\"twitter:data1\" content=\"1 minuto\" \/>\n<script type=\"application\/ld+json\" class=\"yoast-schema-graph\">{\"@context\":\"https:\\\/\\\/schema.org\",\"@graph\":[{\"@type\":\"WebPage\",\"@id\":\"https:\\\/\\\/patiodovale.com\\\/pt-pt\\\/precos\\\/\",\"url\":\"https:\\\/\\\/patiodovale.com\\\/pt-pt\\\/precos\\\/\",\"name\":\"pre\u00e7os | P\u00e1tio do Vale\",\"isPartOf\":{\"@id\":\"https:\\\/\\\/patiodovale.com\\\/pt-pt\\\/#website\"},\"datePublished\":\"2023-01-12T18:07:03+00:00\",\"dateModified\":\"2025-02-23T15:58:51+00:00\",\"breadcrumb\":{\"@id\":\"https:\\\/\\\/patiodovale.com\\\/pt-pt\\\/precos\\\/#breadcrumb\"},\"inLanguage\":\"pt-PT\",\"potentialAction\":[{\"@type\":\"ReadAction\",\"target\":[\"https:\\\/\\\/patiodovale.com\\\/pt-pt\\\/precos\\\/\"]}]},{\"@type\":\"BreadcrumbList\",\"@id\":\"https:\\\/\\\/patiodovale.com\\\/pt-pt\\\/precos\\\/#breadcrumb\",\"itemListElement\":[{\"@type\":\"ListItem\",\"position\":1,\"name\":\"Home\",\"item\":\"https:\\\/\\\/patiodovale.com\\\/pt-pt\\\/\"},{\"@type\":\"ListItem\",\"position\":2,\"name\":\"pre\u00e7os\"}]},{\"@type\":\"WebSite\",\"@id\":\"https:\\\/\\\/patiodovale.com\\\/pt-pt\\\/#website\",\"url\":\"https:\\\/\\\/patiodovale.com\\\/pt-pt\\\/\",\"name\":\"P\u00e1tio do Vale\",\"description\":\"A wonderful B&amp;B on the Portuguese Silver Coast\",\"publisher\":{\"@id\":\"https:\\\/\\\/patiodovale.com\\\/pt-pt\\\/#organization\"},\"potentialAction\":[{\"@type\":\"SearchAction\",\"target\":{\"@type\":\"EntryPoint\",\"urlTemplate\":\"https:\\\/\\\/patiodovale.com\\\/pt-pt\\\/?s={search_term_string}\"},\"query-input\":{\"@type\":\"PropertyValueSpecification\",\"valueRequired\":true,\"valueName\":\"search_term_string\"}}],\"inLanguage\":\"pt-PT\"},{\"@type\":\"Organization\",\"@id\":\"https:\\\/\\\/patiodovale.com\\\/pt-pt\\\/#organization\",\"name\":\"P\u00e1tio do Vale\",\"url\":\"https:\\\/\\\/patiodovale.com\\\/pt-pt\\\/\",\"logo\":{\"@type\":\"ImageObject\",\"inLanguage\":\"pt-PT\",\"@id\":\"https:\\\/\\\/patiodovale.com\\\/pt-pt\\\/#\\\/schema\\\/logo\\\/image\\\/\",\"url\":\"https:\\\/\\\/patiodovale.com\\\/wp-content\\\/uploads\\\/2022\\\/08\\\/logo-patio-do-vale-op-witte-basis-voor-header_400x440px_final.jpg\",\"contentUrl\":\"https:\\\/\\\/patiodovale.com\\\/wp-content\\\/uploads\\\/2022\\\/08\\\/logo-patio-do-vale-op-witte-basis-voor-header_400x440px_final.jpg\",\"width\":1668,\"height\":1835,\"caption\":\"P\u00e1tio do Vale\"},\"image\":{\"@id\":\"https:\\\/\\\/patiodovale.com\\\/pt-pt\\\/#\\\/schema\\\/logo\\\/image\\\/\"}}]}<\/script>\n<!-- \/ Yoast SEO plugin. -->","yoast_head_json":{"title":"pre\u00e7os | P\u00e1tio do Vale","robots":{"index":"index","follow":"follow","max-snippet":"max-snippet:-1","max-image-preview":"max-image-preview:large","max-video-preview":"max-video-preview:-1"},"canonical":"https:\/\/patiodovale.com\/pt-pt\/precos\/","og_locale":"pt_PT","og_type":"article","og_title":"pre\u00e7os | P\u00e1tio do Vale","og_url":"https:\/\/patiodovale.com\/pt-pt\/precos\/","og_site_name":"P\u00e1tio do Vale","article_modified_time":"2025-02-23T15:58:51+00:00","twitter_card":"summary_large_image","twitter_misc":{"Tempo estimado de leitura":"1 minuto"},"schema":{"@context":"https:\/\/schema.org","@graph":[{"@type":"WebPage","@id":"https:\/\/patiodovale.com\/pt-pt\/precos\/","url":"https:\/\/patiodovale.com\/pt-pt\/precos\/","name":"pre\u00e7os | P\u00e1tio do Vale","isPartOf":{"@id":"https:\/\/patiodovale.com\/pt-pt\/#website"},"datePublished":"2023-01-12T18:07:03+00:00","dateModified":"2025-02-23T15:58:51+00:00","breadcrumb":{"@id":"https:\/\/patiodovale.com\/pt-pt\/precos\/#breadcrumb"},"inLanguage":"pt-PT","potentialAction":[{"@type":"ReadAction","target":["https:\/\/patiodovale.com\/pt-pt\/precos\/"]}]},{"@type":"BreadcrumbList","@id":"https:\/\/patiodovale.com\/pt-pt\/precos\/#breadcrumb","itemListElement":[{"@type":"ListItem","position":1,"name":"Home","item":"https:\/\/patiodovale.com\/pt-pt\/"},{"@type":"ListItem","position":2,"name":"pre\u00e7os"}]},{"@type":"WebSite","@id":"https:\/\/patiodovale.com\/pt-pt\/#website","url":"https:\/\/patiodovale.com\/pt-pt\/","name":"P\u00e1tio do Vale","description":"A wonderful B&amp;B on the Portuguese Silver Coast","publisher":{"@id":"https:\/\/patiodovale.com\/pt-pt\/#organization"},"potentialAction":[{"@type":"SearchAction","target":{"@type":"EntryPoint","urlTemplate":"https:\/\/patiodovale.com\/pt-pt\/?s={search_term_string}"},"query-input":{"@type":"PropertyValueSpecification","valueRequired":true,"valueName":"search_term_string"}}],"inLanguage":"pt-PT"},{"@type":"Organization","@id":"https:\/\/patiodovale.com\/pt-pt\/#organization","name":"P\u00e1tio do Vale","url":"https:\/\/patiodovale.com\/pt-pt\/","logo":{"@type":"ImageObject","inLanguage":"pt-PT","@id":"https:\/\/patiodovale.com\/pt-pt\/#\/schema\/logo\/image\/","url":"https:\/\/patiodovale.com\/wp-content\/uploads\/2022\/08\/logo-patio-do-vale-op-witte-basis-voor-header_400x440px_final.jpg","contentUrl":"https:\/\/patiodovale.com\/wp-content\/uploads\/2022\/08\/logo-patio-do-vale-op-witte-basis-voor-header_400x440px_final.jpg","width":1668,"height":1835,"caption":"P\u00e1tio do Vale"},"image":{"@id":"https:\/\/patiodovale.com\/pt-pt\/#\/schema\/logo\/image\/"}}]}},"_links":{"self":[{"href":"https:\/\/patiodovale.com\/pt-pt\/wp-json\/wp\/v2\/pages\/4486","targetHints":{"allow":["GET"]}}],"collection":[{"href":"https:\/\/patiodovale.com\/pt-pt\/wp-json\/wp\/v2\/pages"}],"about":[{"href":"https:\/\/patiodovale.com\/pt-pt\/wp-json\/wp\/v2\/types\/page"}],"author":[{"embeddable":true,"href":"https:\/\/patiodovale.com\/pt-pt\/wp-json\/wp\/v2\/users\/3"}],"replies":[{"embeddable":true,"href":"https:\/\/patiodovale.com\/pt-pt\/wp-json\/wp\/v2\/comments?post=4486"}],"version-history":[{"count":0,"href":"https:\/\/patiodovale.com\/pt-pt\/wp-json\/wp\/v2\/pages\/4486\/revisions"}],"wp:attachment":[{"href":"https:\/\/patiodovale.com\/pt-pt\/wp-json\/wp\/v2\/media?parent=4486"}],"curies":[{"name":"wp","href":"https:\/\/api.w.org\/{rel}","templated":true}]}}

preços

<section class="l-section wpb_row height_medium"><div class="l-section-h i-cf"><div class="g-cols vc_row via_flex valign_top type_default stacking_default"><div class="vc_col-sm-12 wpb_column vc_column_container"><div class="vc_column-inner"><div class="wpb_wrapper"><div class="wpb_text_column"><div class="wpb_wrapper"><h1>Pátio do Vale 2026 preços</h1>
</div></div><div class="w-separator size_small"></div><div class="g-cols wpb_row via_flex valign_top type_default stacking_default"><div class="vc_col-sm-8 wpb_column vc_column_container"><div class="vc_column-inner"><div class="wpb_wrapper"><div class="wpb_text_column"><div class="wpb_wrapper"><p>Temos 4 quartos duplos em 1 quarto duplo com 2 quartos espaçosos separados (crianças). Todos os nossos quartos têm casa de banho privativa, toalhas e roupa da cama.</p>
<p>Nossas tarifas são por quarto/por noite. Estadia mínima de 2 noites.<br />
Crianças até aos 4 anos grátis, a partir dos 5 anos tem um suplemento de € 10,- por criança por noite.</p>
<p>Também é possível alugar todos os quartos para pequenos grupos com capacidade máxima de 16 pessoas. Se você está interessado em vir ao nosso espaço para seu casamento, aniversário ou estadia com família/amigos? Envie um e-mail para info@patiodovale.com e diga-nos quais são seus desejos, e analisaremos as possibilidades juntos!</p>
<p>Inclui toalhas, roupa da cama, café, chá, limonada e utilização da piscina e cozinha exterior coberta, barbecue, Wifi e IVA, excluindo pequeno-almoço.</p>
<p><strong> </strong></p>
</div></div></div></div></div><div class="vc_col-sm-4 wpb_column vc_column_container"><div class="vc_column-inner"><div class="wpb_wrapper"></div></div></div></div><div class="g-cols wpb_row via_flex valign_top type_default stacking_default"><div class="vc_col-sm-12 wpb_column vc_column_container"><div class="vc_column-inner"><div class="wpb_wrapper"><h2 class="red">Os quartos</h2><p>Alegria | Pátio | Cantinho | Música | *Saudade | *Boa onda  | *Fofinha </p><p> *Ces chambres ne sont disponibles que si l'ensemble des locaux est réservé.</p><span><table class="prijstabel">
  <thead>
  <tr class="naam">
  <th></th>
      <th colspan="2">Algeria</th>
	  <th colspan="2">Pátio</th>
	  <th colspan="2">Cantinho</th>
	  <th colspan="2">Música</th>
	 	 
  </tr>
  <tr class="dagen">
      <th></th>
	  <th class="dag">Dia</th><th class="week">Semana</th>
	  <th class="dag">Dia</th><th class="week">Semana</th>
	  <th class="dag">Dia</th><th class="week">Semana</th>
	  <th class="dag">Dia</th><th class="week">Semana</th>
  </tr>
</thead>
<tbody></span><tr class="prijs">
    <td>Primavera<span style="display:block"><sub>Abr,Mai,Jun</sub><span></td><td><span class="euro">€ </span>85,-</td><td><span class="euro">€ </span>550,-</td><td><span class="euro">€ </span>85,-</td><td><span class="euro">€ </span>550,-</td><td><span class="euro">€ </span>85,-</td><td><span class="euro">€ </span>550,-</td><td><span class="euro">€ </span>85,-</td><td><span class="euro">€ </span>550,-</td></tr><tr class="prijs">
    <td>Verão<span style="display:block"><sub>Jul,Ago,Set</sub><span></td><td><span class="euro">€ </span>95,-</td><td><span class="euro">€ </span>650,-</td><td><span class="euro">€ </span>95,-</td><td><span class="euro">€ </span>650,-</td><td><span class="euro">€ </span>95,-</td><td><span class="euro">€ </span>650,-</td><td><span class="euro">€ </span>95,-</td><td><span class="euro">€ </span>650,-</td></tr><tr class="prijs">
    <td>Outono<span style="display:block"><sub>Out</sub><span></td><td><span class="euro">€ </span>85,-</td><td><span class="euro">€ </span>550,-</td><td><span class="euro">€ </span>85,-</td><td><span class="euro">€ </span>550,-</td><td><span class="euro">€ </span>85,-</td><td><span class="euro">€ </span>550,-</td><td><span class="euro">€ </span>85,-</td><td><span class="euro">€ </span>550,-</td></tr><tr class="prijs">
    <td>Inverno<span style="display:block"><sub>Nov,Dez,Jan,Fev,Mar</sub><span></td><td><span class="euro">€ </span>55,-</td><td><span class="euro">€ </span>375,-</td><td><span class="euro">€ </span>55,-</td><td><span class="euro">€ </span>365,-</td><td><span class="euro">€ </span>55,-</td><td><span class="euro">€ </span>365,-</td><td><span class="euro">€ </span>55,-</td><td><span class="euro">€ </span>365,-</td></tr><tr class="ontbijt"><td>Super delicioso pequeno almoço </td><td colspan="2">Adultos : <span class="euro">€ </span>10,-</td><td colspan="2">Crianças  (6-10 Anos) : <span class="euro">€ </span>5,-</td><td colspan="4"></td></tr></tbody></table>
<p class="opm">*apenas disponível em combinação com o quarto saudade<p></div></div></div></div></div></div></div></div></div></section>

Pátio do Vale 2026 preços Temos 4 quartos duplos em 1 quarto duplo com 2 quartos espaçosos separados (crianças). Todos os nossos quartos têm casa de banho privativa, toalhas e roupa da cama. Nossas tarifas são por quarto/por noite. Estadia mínima de 2 noites. Crianças até aos 4 anos grátis, a partir dos 5 anos...

<!-- This site is optimized with the Yoast SEO plugin v27.5 - https://yoast.com/product/yoast-seo-wordpress/ -->
<title>preços | Pátio do Vale</title>
<meta name="robots" content="index, follow, max-snippet:-1, max-image-preview:large, max-video-preview:-1" />
<link rel="canonical" href="https://patiodovale.com/pt-pt/precos/" />
<meta property="og:locale" content="pt_PT" />
<meta property="og:type" content="article" />
<meta property="og:title" content="preços | Pátio do Vale" />
<meta property="og:url" content="https://patiodovale.com/pt-pt/precos/" />
<meta property="og:site_name" content="Pátio do Vale" />
<meta property="article:modified_time" content="2025-02-23T15:58:51+00:00" />
<meta name="twitter:card" content="summary_large_image" />
<meta name="twitter:label1" content="Tempo estimado de leitura" />
	<meta name="twitter:data1" content="1 minuto" />
<script type="application/ld+json" class="yoast-schema-graph">{"@context":"https:\/\/schema.org","@graph":[{"@type":"WebPage","@id":"https:\/\/patiodovale.com\/pt-pt\/precos\/","url":"https:\/\/patiodovale.com\/pt-pt\/precos\/","name":"preços | Pátio do Vale","isPartOf":{"@id":"https:\/\/patiodovale.com\/pt-pt\/#website"},"datePublished":"2023-01-12T18:07:03+00:00","dateModified":"2025-02-23T15:58:51+00:00","breadcrumb":{"@id":"https:\/\/patiodovale.com\/pt-pt\/precos\/#breadcrumb"},"inLanguage":"pt-PT","potentialAction":[{"@type":"ReadAction","target":["https:\/\/patiodovale.com\/pt-pt\/precos\/"]}]},{"@type":"BreadcrumbList","@id":"https:\/\/patiodovale.com\/pt-pt\/precos\/#breadcrumb","itemListElement":[{"@type":"ListItem","position":1,"name":"Home","item":"https:\/\/patiodovale.com\/pt-pt\/"},{"@type":"ListItem","position":2,"name":"preços"}]},{"@type":"WebSite","@id":"https:\/\/patiodovale.com\/pt-pt\/#website","url":"https:\/\/patiodovale.com\/pt-pt\/","name":"Pátio do Vale","description":"A wonderful B&amp;B on the Portuguese Silver Coast","publisher":{"@id":"https:\/\/patiodovale.com\/pt-pt\/#organization"},"potentialAction":[{"@type":"SearchAction","target":{"@type":"EntryPoint","urlTemplate":"https:\/\/patiodovale.com\/pt-pt\/?s={search_term_string}"},"query-input":{"@type":"PropertyValueSpecification","valueRequired":true,"valueName":"search_term_string"}}],"inLanguage":"pt-PT"},{"@type":"Organization","@id":"https:\/\/patiodovale.com\/pt-pt\/#organization","name":"Pátio do Vale","url":"https:\/\/patiodovale.com\/pt-pt\/","logo":{"@type":"ImageObject","inLanguage":"pt-PT","@id":"https:\/\/patiodovale.com\/pt-pt\/#\/schema\/logo\/image\/","url":"https:\/\/patiodovale.com\/wp-content\/uploads\/2022\/08\/logo-patio-do-vale-op-witte-basis-voor-header_400x440px_final.jpg","contentUrl":"https:\/\/patiodovale.com\/wp-content\/uploads\/2022\/08\/logo-patio-do-vale-op-witte-basis-voor-header_400x440px_final.jpg","width":1668,"height":1835,"caption":"Pátio do Vale"},"image":{"@id":"https:\/\/patiodovale.com\/pt-pt\/#\/schema\/logo\/image\/"}}]}</script>
<!-- / Yoast SEO plugin. -->

preços | Pátio do Vale

Pátio do Vale
